{"id":396,"date":"2017-07-03T10:31:16","date_gmt":"2017-07-03T13:31:16","guid":{"rendered":"https:\/\/napolitransportes.com.br\/?page_id=396"},"modified":"2020-06-04T19:38:18","modified_gmt":"2020-06-04T22:38:18","slug":"quem-somos","status":"publish","type":"page","link":"https:\/\/napolitransportes.com.br\/?page_id=396","title":{"rendered":"Quem Somos"},"content":{"rendered":"<p>[vc_row][vc_column]<style><\/style><section id=\"quem-somos\" class=\"row mobile-app  vc_custom_1499093624177\"><div class=\"container\"><div class=\"row\"><div class=\"col-sm-6 col-sm-push-6 wow fadeIn\"><h2>QUEM SOMOS<\/h2><p>A Napoli Transportes, empresa fundada em 2009, iniciou seus trabalhos partindo sempre da seguinte premissa: atuar no setor de transportes com qualidade e confiabilidade garantindo ao cliente a pontualidade e efici\u00eancia no setor de transportes de cargas pesadas e leves.<\/p><div class=\"row m0 downloads-btns\"><\/div><\/div><div class=\"col-sm-6 col-sm-pull-6 wow fadeInUp\"> <img decoding=\"async\" src=\"https:\/\/napolitransportes.com.br\/wp-content\/uploads\/2016\/07\/logo-sem-back-azul.png\" alt=\"Quem Somos\" class=\"mobile-img\"><\/div><\/div><\/div><\/section>[\/vc_column][\/vc_row][vc_row el_id=&#8221;excel\u00eancia&#8221;][vc_column]<style><\/style><section id=\"excelencia\" class=\"row the-benefits  vc_custom_1499094380807\"><div class=\"container\"><div class=\"row section-header wow fadeInUp\"><h2>EXCEL\u00caNCIA<\/h2><p>O atendimento completo a estas necessidades e expectativas traduz um conjunto de atitudes e valores cotidianos que proporcionam aos nossos clientes, confiabilidade t\u00e9cnica, \u00e9tica, transpar\u00eancia e apoio no alcance dos melhores resultados.<\/p><\/div><div class=\"row benefit-notes\"><div class=\"col-md-4 col-sm-6 benefit wow fadeInUp\" ><div class=\"media\"><div class=\"media-left\"><\/div><div class=\"media-body\"><\/div><\/div><\/div><\/div><\/div><\/section>[\/vc_column][\/vc_row][vc_row el_id=&#8221;miss\u00e3o&#8221;][vc_column]<style><\/style><section id=\"missao-visao-valores\" class=\"row how-it-works \"><div class=\"container\"><div class=\"row section-header wow fadeInUp\"><h2>COMPROMISSO<\/h2><p>O compromisso com a melhoria cont\u00ednua de seus servi\u00e7os fica evidenciado pela Miss\u00e3o, Vis\u00e3o e Valores Organizacionais.<\/p><\/div><div class=\"row work-processes\"><div class=\"col-sm-4 work-process wow fadeIn\" ><div class=\"row m0 process-icon\"><img decoding=\"async\" alt=\"Quem Somos\" src=\"https:\/\/napolitransportes.com.br\/wp-content\/uploads\/2016\/07\/alvo-106x106.png\"><\/div><h3>Miss\u00e3o<\/h3><p>Ser uma empresa nacionalmente reconhecida no modal rodovi\u00e1rio por sua qualidade e efici\u00eancia na gest\u00e3o log\u00edstica.<\/p><\/div><div class=\"col-sm-4 work-process wow fadeIn\" ><div class=\"row m0 process-icon\"><img decoding=\"async\" alt=\"Quem Somos\" src=\"https:\/\/napolitransportes.com.br\/wp-content\/uploads\/2016\/07\/telescopio-106x106.png\"><\/div><h3>Vis\u00e3o<\/h3><p>Transportar e movimentar o neg\u00f3cio do cliente e n\u00e3o somente sua mercadoria ou produto.<\/p><\/div><div class=\"col-sm-4 work-process wow fadeIn\" ><div class=\"row m0 process-icon\"><img decoding=\"async\" alt=\"Quem Somos\" src=\"https:\/\/napolitransportes.com.br\/wp-content\/uploads\/2016\/07\/bussola-106x106.png\"><\/div><h3>Valores<\/h3><p>Compromisso com a Legisla\u00e7\u00e3o; \u00c9tica Profissional; Crescimento sustent\u00e1vel atrav\u00e9s de investimento em tecnologia e manuten\u00e7\u00e3o preventiva para redu\u00e7\u00e3o dos impactos ao meio ambiente.<\/p><\/div><\/div><\/div><\/section>[\/vc_column][\/vc_row][vc_row][vc_column][\/vc_column][\/vc_row]<\/p>\n","protected":false},"excerpt":{"rendered":"<p>[vc_row][vc_column][\/vc_column][\/vc_row][vc_row el_id=&#8221;excel\u00eancia&#8221;][vc_column][\/vc_column][\/vc_row][vc_row el_id=&#8221;miss\u00e3o&#8221;][vc_column][\/vc_column][\/vc_row][vc_row][vc_column][\/vc_column][\/vc_row]<\/p>\n","protected":false},"author":1,"featured_media":0,"parent":0,"menu_order":0,"comment_status":"closed","ping_status":"closed","template":"unlimited-page.php","meta":{"inline_featured_image":false,"footnotes":""},"class_list":["post-396","page","type-page","status-publish","hentry"],"_links":{"self":[{"href":"https:\/\/napolitransportes.com.br\/index.php?rest_route=\/wp\/v2\/pages\/396","targetHints":{"allow":["GET"]}}],"collection":[{"href":"https:\/\/napolitransportes.com.br\/index.php?rest_route=\/wp\/v2\/pages"}],"about":[{"href":"https:\/\/napolitransportes.com.br\/index.php?rest_route=\/wp\/v2\/types\/page"}],"author":[{"embeddable":true,"href":"https:\/\/napolitransportes.com.br\/index.php?rest_route=\/wp\/v2\/users\/1"}],"replies":[{"embeddable":true,"href":"https:\/\/napolitransportes.com.br\/index.php?rest_route=%2Fwp%2Fv2%2Fcomments&post=396"}],"version-history":[{"count":0,"href":"https:\/\/napolitransportes.com.br\/index.php?rest_route=\/wp\/v2\/pages\/396\/revisions"}],"wp:attachment":[{"href":"https:\/\/napolitransportes.com.br\/index.php?rest_route=%2Fwp%2Fv2%2Fmedia&parent=396"}],"curies":[{"name":"wp","href":"https:\/\/api.w.org\/{rel}","templated":true}]}}