{"id":427,"date":"2017-07-03T13:47:38","date_gmt":"2017-07-03T16:47:38","guid":{"rendered":"https:\/\/napolitransportes.com.br\/?page_id=427"},"modified":"2017-07-04T18:58:21","modified_gmt":"2017-07-04T21:58:21","slug":"transporte","status":"publish","type":"page","link":"https:\/\/napolitransportes.com.br\/?page_id=427","title":{"rendered":"Transporte"},"content":{"rendered":"<p>[vc_row el_id=&#8221;transporte&#8221;][vc_column]<style><\/style><section id=\"transporte\" class=\"row the-benefits  vc_custom_1499128814910\"><div class=\"container\"><div class=\"row section-header wow fadeInUp\"><h2>SERVI\u00c7OS DE TRANSPORTE<\/h2><p>A Napoli Transportes est\u00e1 pronta para levar sua carga a qualquer lugar e em qualquer momento.<\/p><\/div><div class=\"row benefit-notes\"><div class=\"col-md-4 col-sm-6 benefit wow fadeInUp\" ><div class=\"media\"><div class=\"media-left\"><\/div><div class=\"media-body\"><\/div><\/div><\/div><\/div><\/div><\/section>[\/vc_column][\/vc_row][vc_row el_id=&#8221;atua\u00e7\u00e3o&#8221;][vc_column]<section id=\"atuacao\" class=\"row the-watch  vc_custom_1499203660447\"><div class=\"container\"><div class=\"row\"> <div class=\"col-md-5 col-md-offset-1 text-center the-watch-img wow zoomIn\"><img decoding=\"async\" src=\"https:\/\/napolitransportes.com.br\/wp-content\/uploads\/2017\/07\/NAPOLI-TRANSPORTES-WATCH.png\" alt=\"Transporte\" class=\"img-responsive\"><\/div><div class=\"col-md-6 the-watch-features\"><div class=\"row section-header v3 wow fadeIn\"><h2>ATUA\u00c7\u00c3O<\/h2><p>Com \u00e1rea de atua\u00e7\u00e3o extensa e frota moderna e diversificada, atendemos a diversos setores:<\/p><\/div><ul class=\"nav\"><div class=\"media wow fadeInUp \"><li class=\"wow fadeIn\" data-wow-delay=\"0.2s\">Produtos Aliment\u00edcios | Lat\u00edcinios <\/li><div class=\"media wow fadeInUp \"><li class=\"wow fadeIn\" data-wow-delay=\"0.2s\">Produtos Qu\u00edmicos<\/li><div class=\"media wow fadeInUp \"><li class=\"wow fadeIn\" data-wow-delay=\"0.2s\">Produtos Agr\u00edcolas<\/li><div class=\"media wow fadeInUp \"><li class=\"wow fadeIn\" data-wow-delay=\"0.2s\">Produtos Refrigerados<\/li> <\/ul><\/div><\/div><\/div><\/section>[\/vc_column][\/vc_row][vc_row el_id=&#8221;cargas&#8221;][vc_column]<section id=\"split-section\" class=\"row split-columns \"><div class=\"row m0 split-column wow fadeIn\"><div class=\"col-sm-6 image text-right\"><img decoding=\"async\" src=\"https:\/\/napolitransportes.com.br\/wp-content\/uploads\/2017\/07\/SERVICOS-CARGA-DEDICADA.jpg\" alt=\"Transporte\"><\/div><div class=\"col-sm-6 texts\"><div class=\"texts-inner row m0\"><h2>Carga Dedicada<\/h2><p>Dispomos de uma frota com v\u00e1rios tipos de ve\u00edculos e tamanhos, com base nos padr\u00f5es de mercado, al\u00e9m de profissionais capacitados. Com rapidez, pontualidade e atendimento personalizado.<\/p><\/div><\/div><\/div><div class=\"row m0 split-column wow fadeIn\"><div class=\"col-sm-6 col-sm-push-6 image\"><img decoding=\"async\" src=\"https:\/\/napolitransportes.com.br\/wp-content\/uploads\/2016\/07\/doblo.jpg\" alt=\"Transporte\"><\/div><div class=\"col-sm-6 col-sm-pull-6 texts\"><div class=\"texts-inner row m0\"><h2>Carga Fracionada<\/h2><p>Muito utilizada para transportes de pequenas encomendas para diversos destinos, possibilitando um custo reduzido de transportes e prazos.<\/p><\/div><\/div><\/div><\/section>[\/vc_column][\/vc_row][vc_row el_id=&#8221;abrang\u00eancia&#8221;][vc_column]<section id=\"abrangencia\" class=\"row the-watch \"><div class=\"container\"><div class=\"row\"> <div class=\"col-md-5 col-md-offset-1 text-center the-watch-img wow zoomIn\"><img decoding=\"async\" src=\"https:\/\/napolitransportes.com.br\/wp-content\/uploads\/2016\/07\/mapa-america-latina.png\" alt=\"Transporte\" class=\"img-responsive\"><\/div><div class=\"col-md-6 the-watch-features\"><div class=\"row section-header v3 wow fadeIn\"><h2>ABRANG\u00caNCIA<\/h2><p>Investindo em equipamentos de tecnologia, como carga monitorada ponto a ponto, apresentando ao cliente solu\u00e7\u00f5es integradas de rotas e log\u00edstica, desenvolvendo e executando opera\u00e7\u00f5es nacionais e internacionais.<\/p><\/div><ul class=\"nav\"><div class=\"media wow fadeInUp \"><li class=\"wow fadeIn\" data-wow-delay=\"0.2s\">Todo o Territ\u00f3rio Nacional<\/li><div class=\"media wow fadeInUp \"><li class=\"wow fadeIn\" data-wow-delay=\"0.2s\">Todos os Pa\u00edses do Mercosul<\/li><div class=\"media wow fadeInUp \"><li class=\"wow fadeIn\" data-wow-delay=\"0.2s\">Pa\u00edses Associados | Bol\u00edvia, Chile, Col\u00f4mbia e Equador<\/li> <\/ul><\/div><\/div><\/div><\/section>[\/vc_column][\/vc_row][vc_row el_id=&#8221;defini\u00e7\u00f5es&#8221;][vc_column]<style><\/style><section id=\"definicoes\" class=\"row faqs \"><div class=\"container\"><div class=\"row section-header wow fadeInUp\"><h2>DEFINI\u00c7\u00d5ES<\/h2><p>Abaixo, segue a defini\u00e7\u00e3o dos servi\u00e7os mais procurados pelo mercado, bem como sua import\u00e2ncia para os neg\u00f3cios nos mais diversos segmentos.<\/p><\/div><div class=\"row\"><div class=\"faq wow fadeInUp col-sm-6\" ><h4>Transportes de Cargas Nacionais<\/h4><p>A malha rodovi\u00e1ria do Brasil \u00e9 umas das mais extensas do mundo, aonde transportar uma mercadoria ou produto vai muito al\u00e9m de simplesmente, atender a carga e descarga; requer uma gest\u00e3o de processo para que seja realizado de forma eficiente, agregando satisfa\u00e7\u00e3o e valor ao cliente.<\/p><\/div><div class=\"faq wow fadeInUp col-sm-6\" ><h4>Transportes de Cargas Internacionais<\/h4><p>Atendimento a malha rodovi\u00e1ria dos pa\u00edses do Mercosul e associados, Argentina, Bol\u00edvia, Chile, Col\u00f4mbia, Equador, Paraguai, Uruguai e Venezuela.<\/p><\/div><\/div><\/div><\/section>[\/vc_column][\/vc_row]<\/p>\n","protected":false},"excerpt":{"rendered":"<p>[vc_row el_id=&#8221;transporte&#8221;][vc_column][\/vc_column][\/vc_row][vc_row el_id=&#8221;atua\u00e7\u00e3o&#8221;][vc_column][\/vc_column][\/vc_row][vc_row el_id=&#8221;cargas&#8221;][vc_column][\/vc_column][\/vc_row][vc_row el_id=&#8221;abrang\u00eancia&#8221;][vc_column][\/vc_column][\/vc_row][vc_row el_id=&#8221;defini\u00e7\u00f5es&#8221;][vc_column][\/vc_column][\/vc_row]<\/p>\n","protected":false},"author":1,"featured_media":0,"parent":0,"menu_order":0,"comment_status":"closed","ping_status":"closed","template":"unlimited-page.php","meta":{"inline_featured_image":false,"footnotes":""},"class_list":["post-427","page","type-page","status-publish","hentry"],"_links":{"self":[{"href":"https:\/\/napolitransportes.com.br\/index.php?rest_route=\/wp\/v2\/pages\/427","targetHints":{"allow":["GET"]}}],"collection":[{"href":"https:\/\/napolitransportes.com.br\/index.php?rest_route=\/wp\/v2\/pages"}],"about":[{"href":"https:\/\/napolitransportes.com.br\/index.php?rest_route=\/wp\/v2\/types\/page"}],"author":[{"embeddable":true,"href":"https:\/\/napolitransportes.com.br\/index.php?rest_route=\/wp\/v2\/users\/1"}],"replies":[{"embeddable":true,"href":"https:\/\/napolitransportes.com.br\/index.php?rest_route=%2Fwp%2Fv2%2Fcomments&post=427"}],"version-history":[{"count":0,"href":"https:\/\/napolitransportes.com.br\/index.php?rest_route=\/wp\/v2\/pages\/427\/revisions"}],"wp:attachment":[{"href":"https:\/\/napolitransportes.com.br\/index.php?rest_route=%2Fwp%2Fv2%2Fmedia&parent=427"}],"curies":[{"name":"wp","href":"https:\/\/api.w.org\/{rel}","templated":true}]}}